{"id":18796,"date":"2022-11-08T11:02:43","date_gmt":"2022-11-08T09:02:43","guid":{"rendered":"http:\/\/unikatissima-d.riamore.eu\/?page_id=18796"},"modified":"2022-11-08T11:25:36","modified_gmt":"2022-11-08T09:25:36","slug":"youknits-designer-beschreibung","status":"publish","type":"page","link":"http:\/\/unikatissima.riamore.eu\/d\/?page_id=18796","title":{"rendered":"YouKnits designer Beschreibung"},"content":{"rendered":"<div class=\"clearboth\">&nbsp;<\/div>\n<p><a name=\"d01\"><\/a><\/p>\n<ul>\nHier findest Du Screenshots und Beschreibungen der folgenden Schritte des <a href=\"?page_id=18781\">YouKnits designers<\/a>:<\/p>\n<li><a href=\"#d01\">Startbildschirm<\/a><\/li>\n<li><a href=\"#d02\">YouKnits gerade gestartet<\/a><\/li>\n<li><a href=\"#d05\">Hilfefenster<\/a><\/li>\n<li><a href=\"#d03\">Mach&#8216; Dein eigenes YouKnits Design<\/a><\/li>\n<li><a href=\"#d10\">Mach&#8216; ein YouKnits Design mit Dreiecken<\/a><\/li>\n<li><a href=\"#d04\">Erstelle PDF<\/a><\/li>\n<li><a href=\"#d06\">Erstelle PDF &#8211; Geduld, bitte<\/a><\/li>\n<li><a href=\"#d07\">Speichere PDF<\/a><\/li>\n<li><a href=\"#d08\">Speichere PDF &#8211; erfolgreich<\/a><\/li>\n<li><a href=\"#d09\">Speichere PDF &#8211; nicht erfolgreich<\/a><\/li>\n<\/ul>\n<h3>Startbildschirm<\/h3>\n<ol class=\"no-margin\"><img src=\"..\/youknits\/01.jpg\" alt=\"Startbildschirm\"\/><\/p>\n<li>Wie Du an dem Text unter dem Knopf &#8218;press here to start YouKnits&#8216; sehen kannst, kannst Du jetzt <strong>offline (ohne Verbindung zum Internet) weiter arbeiten<\/strong> bis Du den YouKnits designer schlie\u00dft.<br \/>\nUm den YouKnits designer erneut zu starten, stelle wieder eine Internetverbindung her, bis Du den Startbildschirm erneut siehst.<\/li>\n<\/ol>\n<p><a name=\"d02\"><\/a><\/p>\n<hr color=\"#aaaaaa\" width=\"100%\" align=\"left\" size=\"1\"\/>\n<div class=\"clearboth\">&nbsp;<\/div>\n<h3>YouKnits gerade gestartet<\/h3>\n<ol class=\"no-margin\"><img src=\"..\/youknits\/02.jpg\" alt=\"YouKnits gerade gestartet\"\/><\/p>\n<li>Klicke &#8218;close&#8216;, um <strong>alle Schieber <em>(slides)<\/em> zu schlie\u00dfen<\/strong>, die das Gitter <em>(grid)<\/em> jetzt verdecken.<\/li>\n<li>Du kannst YouKnits von den Schiebern <em>(slides)<\/em> zu dem grauen Feld ziehen, um <strong>Deine pers\u00f6nliche Untermenge <em>(subset)<\/em><\/strong> zu erstellen.<\/li>\n<li>\u00dcber den YouKnits in den Schiebern <em>(slides)<\/em> findest Du die <strong>Setnummer und den Preis jeder YouKnit<\/strong> in diesem Set (z.B. Set #02, Preis jeder YouKnit in diesem Set ist $2).<br \/>\nUnter den YouKnits siehst Du ihre Nummern (z.B. 007a).<\/li>\n<li>Rechts von den Schiebern <em>(slides)<\/em> siehst Du ihren Scrollbar, der zeigt, dass es weiter unten <strong>mehr Schieber <em>(slides)<\/em><\/strong> (und mehr YouKnits ;-)) gibt.<\/li>\n<li>Klicke &#8217;show help&#8216;, um das <strong>Hilfefenster<\/strong> zu \u00f6ffnen.<\/li>\n<\/ol>\n<p><a name=\"d05\"><\/a><\/p>\n<hr color=\"#aaaaaa\" width=\"100%\" align=\"left\" size=\"1\"\/>\n<div class=\"clearboth\">&nbsp;<\/div>\n<h3>Hilfefenster<\/h3>\n<ol class=\"no-margin\"><img src=\"..\/youknits\/05.jpg\" alt=\"Hilfefenster\"\/><\/p>\n<li>Nachdem Du das Hilfefenster mit dem Knopf &#8217;show help&#8216; ge\u00f6ffnet hast, kannst Du es auf die Titelleiste <em>(titlebar)<\/em> <strong>verkleinern<\/strong>, indem Du auf den Pfeil-nach-unten in der Titelleiste <em>(titlebar)<\/em> klickst (2).<br \/>\n<strong>Bewege<\/strong> es, indem Du auf die Titelleiste <em>(titlebar)<\/em> klickst und es herumziehst.<\/li>\n<li>Der Pfeil-nach-unten in der Titelleiste <em>(titlebar)<\/em>.<\/li>\n<li><strong>Schlie\u00dfe<\/strong> das Hilfefenster, indem Du auf den Knopf &#8218;hide help&#8216; klickst oder auf das kleine wei\u00dfe K\u00e4stchen auf der rechten Seite der Titelleiste <em>(titlebar)<\/em>.<\/li>\n<\/ol>\n<p><a name=\"d03\"><\/a><\/p>\n<hr color=\"#aaaaaa\" width=\"100%\" align=\"left\" size=\"1\"\/>\n<div class=\"clearboth\">&nbsp;<\/div>\n<h3>Mach&#8216; Dein eigenes YouKnits Design<\/h3>\n<ol class=\"no-margin\"><img src=\"..\/youknits\/03.jpg\" alt=\"Mach Dein eigenes YouKnits Design\"\/><\/p>\n<li>\n<ul style=\"margin-bottom:0\">Ich habe die (kostenfreien) YouKnits von Set #00 in meine pers\u00f6nliche <strong>Untermenge <em>(subset)<\/em><\/strong> (graue Feld) gezogen, weil ich sie oft benutze.<\/p>\n<li><strong>Unter den YouKnits<\/strong> sieht man ihre Nummer (z.B. 003a) und woher sie sind (z.B. Set #00).<\/li>\n<li>Die pers\u00f6nliche Untermenge <em>(subset)<\/em> kann <strong>maximal 21 YouKnits<\/strong> in drei Reihen enthalten.<\/li>\n<li>Du kannst YouKnits von Deiner pers\u00f6nlichen Untermenge <em>(subset)<\/em> <strong>l\u00f6schen<\/strong>, indem Du die Taste &#8218;Umsch&#8216; gedr\u00fcckt h\u00e4lst und die YouKnit anklickst.<\/li>\n<li>Du kannst eine YouKnit von ihrem Platz in Deiner pers\u00f6nlichen Untermenge <em>(subset)<\/em> an die erste Position <strong>verschieben<\/strong>, indem Du die Taste &#8218;Alt&#8216; gedr\u00fcckt h\u00e4lst und die YouKnit anklickst.<\/li>\n<\/ul>\n<\/li>\n<li><strong>Scrolle Deine pers\u00f6nliche Untermenge <em>(subset)<\/em><\/strong> um alle YouKnits zu sehen.<\/li>\n<li>Das dunkelgraue Feld, auf das Du die YouKnits ziehen kannst, ist das <strong>Gitter <em>(grid)<\/em><\/strong>.<br \/>\nDas Gitter <em>(grid)<\/em> hat seinen eigenen <strong>Scrollbar<\/strong> auf der rechten Seite und Du kannst es <strong>bewegen<\/strong>, indem Du drauf klickst und es herumziehst.<br \/>\nSeine <strong>Maximalgr\u00f6\u00dfe ist 28 x 28 YouKnits<\/strong> (das sind 452 Maschen x 898 Reihen!).<\/li>\n<li><strong>Ziehe YouKnits<\/strong> von den Schiebern <em>(slides)<\/em> oder Deiner pers\u00f6nlichen Untermenge <em>(subset)<\/em> auf das Gitter <em>(grid)<\/em> um Dein eigenes Youknits Design zu erstellen.<\/li>\n<li>\n<ul style=\"margin-bottom:0\">Die <strong>YouKnits<\/strong> auf dem Gitter <em>(grid)<\/em> k\u00f6nnen:<\/p>\n<li><strong>bewegt werden<\/strong>, indem Du sie irgendwoandershin auf dem Gitter <em>(grid)<\/em> ziehst,<\/li>\n<li>vom Gitter <em>(grid)<\/em> <strong>gel\u00f6scht werden<\/strong>, indem Du die Taste &#8218;Umsch&#8216; gedr\u00fcckt h\u00e4lst und die YouKnit anklickst oder sie au\u00dferhalb des Gitter <em>(grid)<\/em> ziehst,<\/li>\n<li>vom Gitter <em>(grid)<\/em> auf das Gitter <em>(grid)<\/em> <strong>kopiert werden<\/strong>, indem Du die Taste &#8218;Alt&#8216; gedr\u00fcckt h\u00e4lst, die YouKnit anklickst und die neue YouKnit irgenwoanderhin auf dem Gitter <em>(grid)<\/em> ziehst.<\/li>\n<li>Wenn Du eine <strong>YouKnit auf eine andere ziehst<\/strong>, verschwindet die \u00e4ltere (wird gel\u00f6scht).<\/li>\n<\/ul>\n<\/li>\n<li>\n<ul style=\"margin-bottom:0\">Die Kn\u00f6pfe und Schieber in dem <strong>roten Kasten<\/strong> beziehen sich alle auf das Gitter <em>(grid)<\/em>:<\/p>\n<li>f\u00fcge Reihen <em>(rows)<\/em> und Spalten <em>(columns)<\/em> hinzu oder l\u00f6sche sie,<\/li>\n<li>leere das Gitter <em>(grid)<\/em> und fange Dein Design frisch an,<\/li>\n<li>vergr\u00f6\u00dfere und verkleinere die Anzeige <em>(zoom)<\/em>,<\/li>\n<li>mache (nur!) Deine letzte Aktion auf dem Gitter <em>(grid)<\/em> r\u00fcckg\u00e4ngig.<\/li>\n<\/ul>\n<\/li>\n<\/ol>\n<p><a name=\"d10\"><\/a><\/p>\n<hr color=\"#aaaaaa\" width=\"100%\" align=\"left\" size=\"1\"\/>\n<div class=\"clearboth\">&nbsp;<\/div>\n<h3>Mach&#8216; ein YouKnits Design mit Dreiecken<\/h3>\n<ol class=\"no-margin\"><img src=\"..\/youknits\/10.jpg\" alt=\"Mach ein YouKnits Design mit Dreiecken\"\/><\/p>\n<li>Wenn Du ein Design mit Dreiecken machst, wirst Du seltsame Kerben im Design sehen.<br \/>\nIgnoriere sie bitte, denn wenn Du Dein Design strickst, wird dort ein glatter Rand sein.<br \/>\nSiehe das <a href=\"http:\/\/www.ravelry.com\/patterns\/library\/youknits-lace-basic-set\"><em>how-to<\/em><\/a> bei <a href=\"http:\/\/www.ravelry.com\/designers\/susann-hajjar\">ravelry<\/a>, Seiten 14 die Strickschrift.<br \/>\n<em><strong>Hinweis:<\/strong><\/em> <strong>Du musst dazu kein ravelry Mitglied sein.<\/strong><br \/>\nIch habe gebeten, dass mein <a href=\"http:\/\/www.ravelry.com\/designers\/susann-hajjar\">ravelry shop<\/a> f\u00fcr die \u00d6ffentlichkeit freigegeben wird, und die Links von der <a href=\"#d04\">oben erw\u00e4hnten<\/a> PDF-Datei bringen Dich dorthin.<br \/>\nDort erh\u00e4lst Du auch die <a href=\"http:\/\/www.ravelry.com\/patterns\/library\/youknits-lace-basic-set\">kostenlosen Downloads<\/a> ohne \u00fcber paypal gehen zu m\u00fcssen.<\/li>\n<\/ol>\n<p><a name=\"d04\"><\/a><\/p>\n<hr color=\"#aaaaaa\" width=\"100%\" align=\"left\" size=\"1\"\/>\n<div class=\"clearboth\">&nbsp;<\/div>\n<h3>Erstelle PDF<\/h3>\n<ol class=\"no-margin\"><img src=\"..\/youknits\/04.jpg\" alt=\"erstelle PDF\"\/><\/p>\n<li>\n<ol style=\"margin-bottom:0\">Wenn Du Dein pers\u00f6nliches YouKnits Design beendet hast, dr\u00fccke den Knopf &#8218;make PDF&#8216;, um eine <strong>PDF-Datei erstellen zu lassen und auf Deiner Festplatte zu speichern<\/strong>.<br \/>\nDie Datei enth\u00e4lt:<\/p>\n<li>ein \u00dcbersichtsbild von Deinem pers\u00f6nlichen YouKnits Design,<\/li>\n<li>f\u00fcr gro\u00dfe Muster ein Seitenreferenzdiagramm <em>(page reference chart)<\/em> (zeigt welcher Teil des YouKnits-Verteilungsdiagramms <em>(YouKnits distribution chart)<\/em> auf welche Seite gedruckt wurde),<\/li>\n<li>das YouKnits-Verteilungsdiagramm <em>(YouKnits distribution chart)<\/em> (zeigt die Reihenfolge, in der die YouKnits gearbeitet werden m\u00fcssen) und<\/li>\n<li>eine Liste aller YouKnits, die Du in Deinem pers\u00f6nlichen Muster verwendet hast, mit Links zu den entsprechenden ravelry Seiten.<\/li>\n<\/ol>\n<\/li>\n<li>Das Muster in der PDF wird auf die tats\u00e4chlich verwendeten Reihen <em>(rows)<\/em> und Spaltern <em>(columns)<\/em> <strong>zugeschnitten<\/strong>.<\/li>\n<\/ol>\n<p><a name=\"d06\"><\/a><\/p>\n<hr color=\"#aaaaaa\" width=\"100%\" align=\"left\" size=\"1\"\/>\n<div class=\"clearboth\">&nbsp;<\/div>\n<h3>Erstelle PDF &#8211; Geduld, bitte<\/h3>\n<ol class=\"no-margin\"><img src=\"..\/youknits\/06.jpg\" alt=\"erstelle PDF-Geduld bitte\"\/><\/p>\n<li>Wenn Du gro\u00dfe pers\u00f6nliche YouKnits Designs machst, kann die <strong>Erstellung der PDF<\/strong> einige Zeit brauchen.<\/li>\n<\/ol>\n<p><a name=\"d07\"><\/a><\/p>\n<hr color=\"#aaaaaa\" width=\"100%\" align=\"left\" size=\"1\"\/>\n<div class=\"clearboth\">&nbsp;<\/div>\n<h3>Speichere PDF<\/h3>\n<ol class=\"no-margin\"><img src=\"..\/youknits\/07.jpg\" alt=\"Speichere PDF\"\/><\/p>\n<li>Nachdem die PDF erstellt worden ist, hat sie einen <strong>eindeutigen Namen<\/strong>, den Du nat\u00fcrlich \u00e4ndern kannst.<\/li>\n<li><strong>Speichere sie<\/strong> auf Deiner Festplatte, wo Du sie wiederfindest ;-))<\/li>\n<\/ol>\n<p><a name=\"d08\"><\/a><\/p>\n<hr color=\"#aaaaaa\" width=\"100%\" align=\"left\" size=\"1\"\/>\n<div class=\"clearboth\">&nbsp;<\/div>\n<h3>Speichere PDF &#8211; erfolgreich<\/h3>\n<ol class=\"no-margin\"><img src=\"..\/youknits\/08.jpg\" alt=\"Speichere PDF-erfolgreich\"\/><\/p>\n<li>Wenn das Speichern der PDF <strong>erfolgreich war<\/strong>, teilt der YouKnits designer es Dir mit.<\/li>\n<\/ol>\n<p><a name=\"d09\"><\/a><\/p>\n<hr color=\"#aaaaaa\" width=\"100%\" align=\"left\" size=\"1\"\/>\n<div class=\"clearboth\">&nbsp;<\/div>\n<h3>Speichere PDF &#8211; nicht erfolgreich<\/h3>\n<ol class=\"no-margin\"><img src=\"..\/youknits\/09.jpg\" alt=\"Speichere PDF-nicht erfolgreich\"\/><\/p>\n<li>Wenn die erstellte <strong>PDF nicht gespeichert werden kann<\/strong>, fordert der YouKnits designer Dich auf, sie in einem anderen Verzeichnis (Ordner) <em>(directory)<\/em> zu speichern.\n<ul style=\"margin-bottom:0\">Das kann passieren, wenn Du eine PDF umbenannt hast (z.B. nach <em>unikatissima_YouKnits_Dreieckstuch.pdf<\/em>), die im Acrobat Reader ge\u00f6ffnet hast und versuchst, eine PDF unter demselben Namen zu speichern.<br \/>\nDu kannst sie dann<\/p>\n<li>unter einem anderen Namen speichern (z.B. <em>unikatissima_YouKnits_Dreieckstuch2.pdf<\/em>) oder <\/li>\n<li>unter demselben Namen speichern, nachdem Du die PDF-Datei im Acrobat Reader geschlossen hast, was die vorige PDF-Datei \u00fcberschreiben w\u00fcrde oder<\/li>\n<li>unter demselben Namen in einem anderen Verzeichnis (Ordner) <em>(directory)<\/em> speichern.<\/li>\n<\/ul>\n<\/li>\n<\/ol>\n","protected":false},"excerpt":{"rendered":"<p>&nbsp; Hier findest Du Screenshots und Beschreibungen der folgenden Schritte des YouKnits designers: Startbildschirm YouKnits gerade gestartet Hilfefenster Mach&#8216; Dein eigenes YouKnits Design Mach&#8216; ein YouKnits Design mit Dreiecken Erstelle PDF Erstelle PDF &#8211; Geduld, bitte Speichere PDF Speichere PDF &#8211; erfolgreich Speichere PDF &#8211; nicht erfolgreich Startbildschirm Wie Du an dem Text unter dem &hellip; <a href=\"http:\/\/unikatissima.riamore.eu\/d\/?page_id=18796\" class=\"more-link\"><span class=\"screen-reader-text\">&#8222;YouKnits designer Beschreibung&#8220; <\/span>weiterlesen<\/a><\/p>\n","protected":false},"author":1,"featured_media":0,"parent":0,"menu_order":0,"comment_status":"closed","ping_status":"closed","template":"","meta":[],"_links":{"self":[{"href":"http:\/\/unikatissima.riamore.eu\/d\/index.php?rest_route=\/wp\/v2\/pages\/18796"}],"collection":[{"href":"http:\/\/unikatissima.riamore.eu\/d\/index.php?rest_route=\/wp\/v2\/pages"}],"about":[{"href":"http:\/\/unikatissima.riamore.eu\/d\/index.php?rest_route=\/wp\/v2\/types\/page"}],"author":[{"embeddable":true,"href":"http:\/\/unikatissima.riamore.eu\/d\/index.php?rest_route=\/wp\/v2\/users\/1"}],"replies":[{"embeddable":true,"href":"http:\/\/unikatissima.riamore.eu\/d\/index.php?rest_route=%2Fwp%2Fv2%2Fcomments&post=18796"}],"version-history":[{"count":4,"href":"http:\/\/unikatissima.riamore.eu\/d\/index.php?rest_route=\/wp\/v2\/pages\/18796\/revisions"}],"predecessor-version":[{"id":18801,"href":"http:\/\/unikatissima.riamore.eu\/d\/index.php?rest_route=\/wp\/v2\/pages\/18796\/revisions\/18801"}],"wp:attachment":[{"href":"http:\/\/unikatissima.riamore.eu\/d\/index.php?rest_route=%2Fwp%2Fv2%2Fmedia&parent=18796"}],"curies":[{"name":"wp","href":"https:\/\/api.w.org\/{rel}","templated":true}]}}